s 6 a factor of 99?
False
Does 84 divide 29819?
False
Is 13 a factor of 2275?
True
Does 91 divide 41678?
True
Is 10 a factor of 670?
True
Is 16678 a multiple of 62?
True
Does 24 divide 1536?
True
Is 906 a multiple of 3?
True
Does 253 divide 29039?
False
Is 19 a factor of 4123?
True
Does 10 divide 1150?
True
Is 308 a multiple of 3?
False
Does 5 divide 90?
True
Does 69 divide 1449?
True
Is 15 a factor of 42557?
False
Is 3 a factor of 285?
True
Does 11 divide 19305?
True
Does 9 divide 7263?
True
Is 6912 a multiple of 25?
False
Is 13 a factor of 10595?
True
Is 155 a factor of 50685?
True
Is 21 a factor of 5586?
True
Is 15 a factor of 479?
False
Is 7068 a multiple of 31?
True
Is 48 a factor of 18768?
True
Is 176 a multiple of 4?
True
Is 90 a factor of 3436?
False
Does 78 divide 2106?
True
Is 6 a factor of 263?
False
Is 78672 a multiple of 8?
True
Is 11 a factor of 285?
False
Is 5772 a multiple of 13?
True
Does 7 divide 941?
False
Is 15 a factor of 6756?
False
Is 528 a multiple of 22?
True
Does 7 divide 136?
False
Is 4 a factor of 67?
False
Does 15 divide 497?
False
Is 1396 a multiple of 6?
False
Is 1863 a multiple of 89?
False
Is 21 a factor of 13272?
True
Is 9 a factor of 768?
False
Does 10 divide 3420?
True
Is 6312 a multiple of 12?
True
Is 25627 a multiple of 53?
False
Is 4030 a multiple of 130?
True
Is 1012 a multiple of 11?
True
Does 3 divide 261?
True
Is 2244 a multiple of 11?
True
Is 21320 a multiple of 20?
True
Is 13 a factor of 1076?
False
Is 3 a factor of 15?
True
Does 28 divide 1596?
True
Is 67241 a multiple of 184?
False
Is 5 a factor of 6340?
True
Does 20 divide 3517?
False
Does 26 divide 630?
False
Does 5 divide 1239?
False
Is 11100 a multiple of 60?
True
Is 94 a multiple of 28?
False
Does 20 divide 663?
False
Is 27 a factor of 6783?
False
Does 30 divide 1500?
True
Is 2133 a multiple of 27?
True
Is 317 a multiple of 9?
False
Is 19 a factor of 842?
False
Does 2 divide 2818?
True
Is 7 a factor of 307?
False
Does 11 divide 2370?
False
Is 4400 a multiple of 44?
True
Is 21 a factor of 798?
True
Does 17 divide 85?
True
Is 4714 a multiple of 8?
False
Is 190 a multiple of 19?
True
Is 1705 a multiple of 15?
False
Is 966 a multiple of 46?
True
Is 40 a factor of 1671?
False
Is 141 a multiple of 5?
False
Is 2433 a multiple of 33?
False
Does 17 divide 81396?
True
Does 3 divide 171?
True
Is 543 a multiple of 10?
False
Is 16 a multiple of 2?
True
Is 20375 a multiple of 15?
False
Is 15 a factor of 210?
True
Is 7 a factor of 2255?
False
Does 19 divide 848?
False
Is 54 a multiple of 4?
False
Is 66612 a multiple of 84?
True
Is 3016 a multiple of 10?
False
Is 3444 a multiple of 164?
True
Does 20 divide 2500?
True
Is 269 a multiple of 3?
False
Is 23 a factor of 258?
False
Is 249 a multiple of 25?
False
Does 8 divide 256?
True
Is 18 a factor of 3672?
True
Is 15 a factor of 216187?
False
Does 17 divide 79465?
False
Is 5 a factor of 8299?
False
Does 16 divide 528?
True
Is 13 a factor of 762?
False
Is 18 a factor of 11142?
True
Is 3161 a multiple of 35?
False
Does 90 divide 180?
True
Does 88 divide 13776?
False
Is 15 a factor of 4320?
True
Is 78212 a multiple of 11?
False
Is 186 a multiple of 35?
False
Does 26 divide 364?
True
Does 124 divide 4003?
False
Does 13 divide 676?
True
Is 91 a factor of 3003?
True
Does 57 divide 4104?
True
Is 6614 a multiple of 2?
True
Is 2421 even?
False
Is 8 a factor of 1759?
False
Is 47 a factor of 124?
False
Does 15 divide 30831?
False
Does 37 divide 138?
False
Does 37 divide 4699?
True
Is 55 a factor of 2200?
True
Is 2 a factor of 97?
False
Is 44330 a multiple of 65?
True
Does 34 divide 461?
False
Is 23345 a multiple of 29?
True
Is 12633 a multiple of 20?
False
Is 10 a factor of 141?
False
Is 69 a multiple of 20?
False
Is 1591 a multiple of 7?
False
Is 2 a factor of 44?
True
Is 2753 a multiple of 4?
False
Is 35 a factor of 1715?
True
Is 41 a factor of 2870?
True
Is 30 a factor of 149?
False
Does 9 divide 3843?
True
Is 1567 a multiple of 20?
False
Is 1266 a multiple of 26?
False
Does 15 divide 1455?
True
Is 4 a factor of 4704?
True
Is 26 a factor of 16528?
False
Is 91 a factor of 71435?
True
Is 3 a factor of 279?
True
Is 10232 a multiple of 11?
False
Does 25 divide 1975?
True
Is 1069 a multiple of 30?
False
Is 19291 a multiple of 32?
False
Does 49 divide 2310?
False
Is 591 a multiple of 27?
False
Is 31 a factor of 746?
False
Does 5 divide 725?
True
Is 87 a factor of 4918?
False
Is 408 a multiple of 15?
False
Is 2375 a multiple of 95?
True
Is 1136 even?
True
Is 67 a multiple of 3?
False
Does 6 divide 4455?
False
Is 1729 a multiple of 91?
True
Does 5 divide 386?
False
Does 17 divide 1122?
True
Does 19 divide 150?
False
Is 12 a factor of 312?
True
Does 12 divide 592?
False
Is 148 a factor of 45688?
False
Is 15408 a multiple of 12?
True
Does 138 divide 29394?
True
Is 11 a factor of 11?
True
Is 1466 a multiple of 35?
False
Is 8 a factor of 1041?
False
Does 82 divide 11384?
False
Does 11 divide 1875?
False
Does 22 divide 16207?
False
Is 91 a multiple of 34?
False
Is 4579 a multiple of 12?
False
Does 12 divide 1332?
True
Does 42 divide 8400?
True
Is 3659 a multiple of 76?
False
Is 25 a factor of 4943?
False
Is 64 a multiple of 4?
True
Does 384 divide 134400?
True
Is 15 a factor of 5912?
False
Is 106 a factor of 7420?
True
Is 25 a factor of 250?
True
Does 9 divide 45621?
True
Does 11 divide 35453?
True
Is 8 a factor of 1182?
False
Is 9 a factor of 12303?
True
Does 53 divide 151?
False
Does 10 divide 3669?
False
Does 32 divide 5245?
False
Does 56 divide 6204?
False
Is 16880 a multiple of 35?
False
Is 71 a factor of 2965?
False
Is 931 a multiple of 49?
True
Is 976 a multiple of 61?
True
Is 2085 a multiple of 3?
True
Is 35454 a multiple of 16?
False
Is 304 a factor of 115036?
False
Is 4080 a multiple of 10?
True
Is 79 a factor of 11376?
True
Is 384 a multiple of 24?
True
Is 97 a factor of 6887?
True
Is 7016 a multiple of 7?
False
Is 4 a factor of 3444?
True
Is 25 a factor of 67?
False
Is 234 a factor of 100713?
False
Is 3 a factor of 832?
False
Is 78 a multiple of 39?
True
Does 13 divide 17277?
True
Is 6139 a multiple of 29?
False
Is 10272 a multiple of 6?
True
Is 165 a factor of 66050?
False
Does 18 divide 201?
False
Does 21 divide 4452?
True
Is 2730 a multiple of 6?
True
Is 27 a factor of 8343?
True
Is 34 a factor of 14617?
False
Is 1389 a multiple of 14?
False
Does 60 divide 1790?
False
Is 33 a factor of 3234?
True
Does 10 divide 86?
False
Does 9 divide 36?
True
Is 19 a factor of 588?
False
Is 17 a factor of 20043?
True
Is 3 a factor of 474?
True
Does 22 divide 220?
True
Does 18 divide 1848?
False
Is 25340 a multiple of 10?
True
Does 8 divide 13?
False
Is 14637 a multiple of 31?
False
Is 42 a factor of 16985?
False
Is 995 a multiple of 10?
False
Is 141 a factor of 141?
True
Is 29 a factor of 580?
True
Does 92 divide 607?
False
Is 90 a multiple of 3?
True
Is 540 a multiple of 15?
True
Is 25 a factor of 975?
True
Is 59 a factor of 295?
True
Is 1892 a multiple of 20?
False
Is 49 a factor of 1168?
False
Is 192 a multiple of 43?
False
Does 20 divide 840?
True
Does 50 divide 2550?
True
Is 140 a multiple of 9?
False
Is 48 a factor of 1524?
False
Does 25 divide 2250?
True
Is 20 a factor of 1436?
False
Is 2 a factor of 162?
True
Does 10 divide 2338?
False
Is 80 a factor of 3069?
False
Is 8 a factor of 2223?
False
Is 1035 a multiple of 7?
False
Is 11 a factor of 525?
False
Is 429 a multiple of 37?
False
Is 841 a multiple of 17?
False
Is 4092 a multiple of 132?
True
Does 66 divide 8653?
False
Does 31 divide 64821?
True
Does 270 divide 26460?
True
Does 67 divide 49714?
True
Is 533 a multiple of 2?
False
Is 3 a factor of 145?
False
Is 223 a factor of 107279?
False
Does 4 divide 500?
True
Is 155 a factor of 33015?
True
Does 33 divide 1623?
False
Does 14 divide 1703?
False
Is 48433 a multiple of 11?
True
Is 4 a factor of 11188?
True
Is 80 a factor of 18619?
False
Is 25670 a multiple of 17?
True
Is 16 a factor of 48?
True
Does 91 divide 1911?
True
Does 5 divide 999?
False
Is 304 a multiple of 36?
False
Is 35 a factor of 16646?
False
Is 11501 a multiple of 2?
False
Is 7 a factor of 84?
True
Is 29 a factor of 613?
False
Is 89 a factor of 267?
True
Does 22 divide 14751?
False
Does 9 divide 55503?
True
Does 10 divide 160?
True
Is 107436 a multiple of 